{"id":30396,"date":"2023-03-13T10:06:06","date_gmt":"2023-03-13T09:06:06","guid":{"rendered":"https:\/\/prologistik.pixel-tal.de\/a-propos-de-nous\/equipe"},"modified":"2025-06-26T12:37:52","modified_gmt":"2025-06-26T10:37:52","slug":"equipe","status":"publish","type":"page","link":"https:\/\/www.prologistik.com\/fr\/a-propos-de-nous\/equipe\/","title":{"rendered":"\u00c9quipe"},"content":{"rendered":"        \n            <!-- pagehead -->\n        \n                    \n\t\t\t<div id=\"pagehead-block_56e3452bcd74b1df5d893f5aa9171739\" class=\"pagehead size-small\">\n\t\t\t\t\t\t\t<div class=\"pagehead-canvas\">\n\t\t\t\t<div class=\"pagehead-content has-bg-color bg-color-blue\">\n\t\t\t\t\t<div class=\"pagehead-content-inner\">\n\t\t\t\t\t\t<div class=\"pagehead-icon icon-color-white\" data-aos=\"fade-up\" data-aos-delay=\"0\" style=\"mask-image: url(https:\/\/www.prologistik.com\/wp-content\/uploads\/icon-social.svg); -webkit-mask-image: url(https:\/\/www.prologistik.com\/wp-content\/uploads\/icon-social.svg);\"><\/div>\t\t\t\t\t\t<span class=\"pagehead-subheadline\"  data-aos=\"fade-up\" data-aos-delay=\"50\">proLogistik<\/span>\t\t\t\t\t\t<h1 class=\"pagehead-headline\" data-aos=\"fade-up\" data-aos-delay=\"100\">L&#8217;\u00e9quipe<\/h1>\t\t\t\t\t\t\t\t\t\t\t<\/div>\n\t\t\t\t<\/div>\n\t\t\t<\/div>\n\t\t\t\n\t\t\t\t<div class=\"pagehead-background\">\n\t\t\t\t<!-- image_id: 34000 | alt:  -->\t\t\t\t\t\t\t\t\t<img decoding=\"async\" class=\"test\" src=\"https:\/\/www.prologistik.com\/wp-content\/uploads\/prologistik-header-team.jpg\" alt=\"\" \/>\n\t\t\t\t\n\t\t\t\t<\/div>\n\t\t\t<\/div>\n        \n                    \n            <!-- end:pagehead -->\n        \n            \n\n<section class=\"gb-container gb-container-aeedf862\">\n<div class=\"gb-container gb-container-2a8b9773\">\n<div class=\"gb-grid-wrapper gb-grid-wrapper-696a307f\">\n<div class=\"gb-grid-column gb-grid-column-844f5e6f\"><div class=\"gb-container gb-container-844f5e6f\">\n\n<div class=\"wp-block-pixel-headline headlines is-subheadline-top has-text-align-left\"><h2 class=\"headline\" style=\"color:\">Une \u00e9quipe forte pour votre solution intralogistique<\/h2><\/div>\n\n<\/div><\/div>\n\n<div class=\"gb-grid-column gb-grid-column-3fd29a4e\"><div class=\"gb-container gb-container-3fd29a4e\">\n<div class=\"gb-grid-wrapper gb-grid-wrapper-2efcf857\">\n<div class=\"gb-grid-column gb-grid-column-47e3ea35\"><div class=\"gb-container gb-container-47e3ea35\">\n\n<p>Pour r\u00e9soudre les d\u00e9fis de nos clients, le savoir-faire de nos collaborateurs est la cl\u00e9 de notre succ\u00e8s. En tant qu&#8217;\u00e9quipe engag\u00e9e, nous consacrons nos forces \u00e0 un objectif commun : enthousiasmer les gens et trouver des solutions qui r\u00e9pondent aux souhaits individuels des clients.<\/p>\n\n\n\n<p>Notre si\u00e8ge social se trouve \u00e0 Dortmund, la ville du football, au c\u0153ur de la Rh\u00e9nanie-du-Nord-Westphalie. Ceux qui connaissent la r\u00e9gion de la Ruhr avec toutes ses autoroutes, voies navigables, a\u00e9roports et transports de marchandises devraient comprendre que nos collaborateurs ont la logistique dans le sang. La logistique mise en place sur une surface r\u00e9duite est toujours \u00e9tonnante.<\/p>\n\n<\/div><\/div>\n\n<div class=\"gb-grid-column gb-grid-column-92a2daf2\"><div class=\"gb-container gb-container-92a2daf2\">\n\n<p>Qui sont les t\u00eates pensantes de l&#8217;\u00e9quipe proLogistik ? Nos 34 apprentis font souffler un vent de fra\u00eecheur et aident pr\u00e8s de 500 joueurs d&#8217;\u00e9quipe exp\u00e9riment\u00e9s \u00e0 d\u00e9velopper chaque jour de nouvelles id\u00e9es pour leur travail. Chez proLogistik, nous misons aussi bien sur des informaticiens que sur des ing\u00e9nieurs, des dipl\u00f4m\u00e9s en gestion d&#8217;entreprise, des informaticiens sp\u00e9cialis\u00e9s ou des \u00e9lectroniciens de syst\u00e8mes informatiques. Nos deux directeurs, J\u00f6rg S\u00e4nger et Thulackshan Mohan, dirigent ensemble l&#8217;\u00e9quipe proLogistik vers le succ\u00e8s. Nous accordons une grande importance \u00e0 la coh\u00e9sion de l&#8217;\u00e9quipe. C&#8217;est pourquoi nous organisons de nombreuses activit\u00e9s communes, comme des courses d&#8217;entreprise, du football et de l&#8217;escalade, auxquelles nos collaborateurs et m\u00eame les directeurs participent avec enthousiasme.<\/p>\n\n<\/div><\/div>\n<\/div>\n<\/div><\/div>\n<\/div>\n<\/div>\n<\/section>\n\n<section class=\"gb-container gb-container-2e455195\">\n<div data-aos=\"fade-left\" class=\"gb-container gb-container-ec142527\">\n<div class=\"gb-grid-wrapper gb-grid-wrapper-2694268a\">\n<div class=\"gb-grid-column gb-grid-column-57a776ef\"><div class=\"gb-container gb-container-57a776ef\">\n\n<div id=\"quotebox-block_bc0629fcc8e218ab269849725bc9b51c\" class=\"quotebox image-right big-image align-center\">\n    <div class=\"quotebox-inner\">\n                <div class=\"quotebox-image-wrap\">\n                            <div class=\"quotebox-image\" style=\"background: url('https:\/\/www.prologistik.com\/wp-content\/uploads\/zitat-saenger-e1718384899256.jpg'); background-repeat: no-repeat; background-size: cover; background-position: center;\"><\/div>\n                    <\/div>\n        \n        <div class=\"quotebox-content align-center \">\n                        <div class=\"quotebox-quote big-font\">\n                &#8220;Enthousiasmer les gens et d\u00e9velopper des solutions qui r\u00e9pondent aux besoins des clients &#8211; c&#8217;est l&#8217;objectif auquel nous nous consacrons chaque jour&#8221;.            <\/div>\n                                    <div class=\"quotebox-source-content\">\n                                <span class=\"quotebox-source color-blue\">J\u00f6rg S\u00e4nger<\/span>\n                <span class=\"quotebox-addition \">Directeur de proLogistik Group<\/span>\n                                            <\/div>\n                    <\/div>\n    <\/div>\n<\/div>\n\n\n<\/div><\/div>\n<\/div>\n<\/div>\n<\/section>","protected":false},"excerpt":{"rendered":"","protected":false},"author":1,"featured_media":0,"parent":29588,"menu_order":1,"comment_status":"closed","ping_status":"closed","template":"","meta":{"_acf_changed":false,"footnotes":""},"class_list":["post-30396","page","type-page","status-publish"],"acf":[],"yoast_head":"<!-- This site is optimized with the Yoast SEO Premium plugin v26.9 (Yoast SEO v27.5) - https:\/\/yoast.com\/product\/yoast-seo-premium-wordpress\/ -->\n<title>L&#039;\u00e9quipe - proLogistik Group<\/title>\n<meta name=\"description\" content=\"Une \u00e9quipe forte pour votre solution intralogistique \u2714\ufe0f\" \/>\n<meta name=\"robots\" content=\"index, follow, max-snippet:-1, max-image-preview:large, max-video-preview:-1\" \/>\n<link rel=\"canonical\" href=\"https:\/\/www.prologistik.com\/fr\/a-propos-de-nous\/equipe\/\" \/>\n<meta property=\"og:locale\" content=\"fr_FR\" \/>\n<meta property=\"og:type\" content=\"article\" \/>\n<meta property=\"og:title\" content=\"\u00c9quipe\" \/>\n<meta property=\"og:description\" content=\"Une \u00e9quipe forte pour votre solution intralogistique \u2714\ufe0f\" \/>\n<meta property=\"og:url\" content=\"https:\/\/www.prologistik.com\/fr\/a-propos-de-nous\/equipe\/\" \/>\n<meta property=\"og:site_name\" content=\"proLogistik Group\" \/>\n<meta property=\"article:modified_time\" content=\"2025-06-26T10:37:52+00:00\" \/>\n<meta name=\"twitter:card\" content=\"summary_large_image\" \/>\n<meta name=\"twitter:label1\" content=\"Dur\u00e9e de lecture estim\u00e9e\" \/>\n\t<meta name=\"twitter:data1\" content=\"1 minute\" \/>\n<script type=\"application\/ld+json\" class=\"yoast-schema-graph\">{\"@context\":\"https:\\\/\\\/schema.org\",\"@graph\":[{\"@type\":\"WebPage\",\"@id\":\"https:\\\/\\\/www.prologistik.com\\\/fr\\\/a-propos-de-nous\\\/equipe\\\/\",\"url\":\"https:\\\/\\\/www.prologistik.com\\\/fr\\\/a-propos-de-nous\\\/equipe\\\/\",\"name\":\"L'\u00e9quipe - proLogistik Group\",\"isPartOf\":{\"@id\":\"https:\\\/\\\/www.prologistik.com\\\/fr\\\/#website\"},\"datePublished\":\"2023-03-13T09:06:06+00:00\",\"dateModified\":\"2025-06-26T10:37:52+00:00\",\"description\":\"Une \u00e9quipe forte pour votre solution intralogistique \u2714\ufe0f\",\"breadcrumb\":{\"@id\":\"https:\\\/\\\/www.prologistik.com\\\/fr\\\/a-propos-de-nous\\\/equipe\\\/#breadcrumb\"},\"inLanguage\":\"fr-FR\",\"potentialAction\":[{\"@type\":\"ReadAction\",\"target\":[\"https:\\\/\\\/www.prologistik.com\\\/fr\\\/a-propos-de-nous\\\/equipe\\\/\"]}]},{\"@type\":\"BreadcrumbList\",\"@id\":\"https:\\\/\\\/www.prologistik.com\\\/fr\\\/a-propos-de-nous\\\/equipe\\\/#breadcrumb\",\"itemListElement\":[{\"@type\":\"ListItem\",\"position\":1,\"name\":\"Startseite\",\"item\":\"https:\\\/\\\/www.prologistik.com\\\/fr\\\/\"},{\"@type\":\"ListItem\",\"position\":2,\"name\":\"\u00c0 propos de nous\",\"item\":\"https:\\\/\\\/www.prologistik.com\\\/fr\\\/a-propos-de-nous\\\/\"},{\"@type\":\"ListItem\",\"position\":3,\"name\":\"\u00c9quipe\"}]},{\"@type\":\"WebSite\",\"@id\":\"https:\\\/\\\/www.prologistik.com\\\/fr\\\/#website\",\"url\":\"https:\\\/\\\/www.prologistik.com\\\/fr\\\/\",\"name\":\"proLogistik Group\",\"description\":\"Software und Hardware f\u00fcr die Intralogistik\",\"publisher\":{\"@id\":\"https:\\\/\\\/www.prologistik.com\\\/fr\\\/#organization\"},\"potentialAction\":[{\"@type\":\"SearchAction\",\"target\":{\"@type\":\"EntryPoint\",\"urlTemplate\":\"https:\\\/\\\/www.prologistik.com\\\/fr\\\/?s={search_term_string}\"},\"query-input\":{\"@type\":\"PropertyValueSpecification\",\"valueRequired\":true,\"valueName\":\"search_term_string\"}}],\"inLanguage\":\"fr-FR\"},{\"@type\":\"Organization\",\"@id\":\"https:\\\/\\\/www.prologistik.com\\\/fr\\\/#organization\",\"name\":\"proLogistik Group\",\"url\":\"https:\\\/\\\/www.prologistik.com\\\/fr\\\/\",\"logo\":{\"@type\":\"ImageObject\",\"inLanguage\":\"fr-FR\",\"@id\":\"https:\\\/\\\/www.prologistik.com\\\/fr\\\/#\\\/schema\\\/logo\\\/image\\\/\",\"url\":\"https:\\\/\\\/www.prologistik.com\\\/wp-content\\\/uploads\\\/prologistik-logo-web.svg\",\"contentUrl\":\"https:\\\/\\\/www.prologistik.com\\\/wp-content\\\/uploads\\\/prologistik-logo-web.svg\",\"width\":320,\"height\":59,\"caption\":\"proLogistik Group\"},\"image\":{\"@id\":\"https:\\\/\\\/www.prologistik.com\\\/fr\\\/#\\\/schema\\\/logo\\\/image\\\/\"}}]}<\/script>\n<!-- \/ Yoast SEO Premium plugin. -->","yoast_head_json":{"title":"L'\u00e9quipe - proLogistik Group","description":"Une \u00e9quipe forte pour votre solution intralogistique \u2714\ufe0f","robots":{"index":"index","follow":"follow","max-snippet":"max-snippet:-1","max-image-preview":"max-image-preview:large","max-video-preview":"max-video-preview:-1"},"canonical":"https:\/\/www.prologistik.com\/fr\/a-propos-de-nous\/equipe\/","og_locale":"fr_FR","og_type":"article","og_title":"\u00c9quipe","og_description":"Une \u00e9quipe forte pour votre solution intralogistique \u2714\ufe0f","og_url":"https:\/\/www.prologistik.com\/fr\/a-propos-de-nous\/equipe\/","og_site_name":"proLogistik Group","article_modified_time":"2025-06-26T10:37:52+00:00","twitter_card":"summary_large_image","twitter_misc":{"Dur\u00e9e de lecture estim\u00e9e":"1 minute"},"schema":{"@context":"https:\/\/schema.org","@graph":[{"@type":"WebPage","@id":"https:\/\/www.prologistik.com\/fr\/a-propos-de-nous\/equipe\/","url":"https:\/\/www.prologistik.com\/fr\/a-propos-de-nous\/equipe\/","name":"L'\u00e9quipe - proLogistik Group","isPartOf":{"@id":"https:\/\/www.prologistik.com\/fr\/#website"},"datePublished":"2023-03-13T09:06:06+00:00","dateModified":"2025-06-26T10:37:52+00:00","description":"Une \u00e9quipe forte pour votre solution intralogistique \u2714\ufe0f","breadcrumb":{"@id":"https:\/\/www.prologistik.com\/fr\/a-propos-de-nous\/equipe\/#breadcrumb"},"inLanguage":"fr-FR","potentialAction":[{"@type":"ReadAction","target":["https:\/\/www.prologistik.com\/fr\/a-propos-de-nous\/equipe\/"]}]},{"@type":"BreadcrumbList","@id":"https:\/\/www.prologistik.com\/fr\/a-propos-de-nous\/equipe\/#breadcrumb","itemListElement":[{"@type":"ListItem","position":1,"name":"Startseite","item":"https:\/\/www.prologistik.com\/fr\/"},{"@type":"ListItem","position":2,"name":"\u00c0 propos de nous","item":"https:\/\/www.prologistik.com\/fr\/a-propos-de-nous\/"},{"@type":"ListItem","position":3,"name":"\u00c9quipe"}]},{"@type":"WebSite","@id":"https:\/\/www.prologistik.com\/fr\/#website","url":"https:\/\/www.prologistik.com\/fr\/","name":"proLogistik Group","description":"Software und Hardware f\u00fcr die Intralogistik","publisher":{"@id":"https:\/\/www.prologistik.com\/fr\/#organization"},"potentialAction":[{"@type":"SearchAction","target":{"@type":"EntryPoint","urlTemplate":"https:\/\/www.prologistik.com\/fr\/?s={search_term_string}"},"query-input":{"@type":"PropertyValueSpecification","valueRequired":true,"valueName":"search_term_string"}}],"inLanguage":"fr-FR"},{"@type":"Organization","@id":"https:\/\/www.prologistik.com\/fr\/#organization","name":"proLogistik Group","url":"https:\/\/www.prologistik.com\/fr\/","logo":{"@type":"ImageObject","inLanguage":"fr-FR","@id":"https:\/\/www.prologistik.com\/fr\/#\/schema\/logo\/image\/","url":"https:\/\/www.prologistik.com\/wp-content\/uploads\/prologistik-logo-web.svg","contentUrl":"https:\/\/www.prologistik.com\/wp-content\/uploads\/prologistik-logo-web.svg","width":320,"height":59,"caption":"proLogistik Group"},"image":{"@id":"https:\/\/www.prologistik.com\/fr\/#\/schema\/logo\/image\/"}}]}},"_links":{"self":[{"href":"https:\/\/www.prologistik.com\/fr\/wp-json\/wp\/v2\/pages\/30396","targetHints":{"allow":["GET"]}}],"collection":[{"href":"https:\/\/www.prologistik.com\/fr\/wp-json\/wp\/v2\/pages"}],"about":[{"href":"https:\/\/www.prologistik.com\/fr\/wp-json\/wp\/v2\/types\/page"}],"author":[{"embeddable":true,"href":"https:\/\/www.prologistik.com\/fr\/wp-json\/wp\/v2\/users\/1"}],"replies":[{"embeddable":true,"href":"https:\/\/www.prologistik.com\/fr\/wp-json\/wp\/v2\/comments?post=30396"}],"version-history":[{"count":2,"href":"https:\/\/www.prologistik.com\/fr\/wp-json\/wp\/v2\/pages\/30396\/revisions"}],"predecessor-version":[{"id":49854,"href":"https:\/\/www.prologistik.com\/fr\/wp-json\/wp\/v2\/pages\/30396\/revisions\/49854"}],"up":[{"embeddable":true,"href":"https:\/\/www.prologistik.com\/fr\/wp-json\/wp\/v2\/pages\/29588"}],"wp:attachment":[{"href":"https:\/\/www.prologistik.com\/fr\/wp-json\/wp\/v2\/media?parent=30396"}],"curies":[{"name":"wp","href":"https:\/\/api.w.org\/{rel}","templated":true}]}}

Équipe

<!-- pagehead -->
        
                    
			<div id="pagehead-block_56e3452bcd74b1df5d893f5aa9171739" class="pagehead size-small">
							<div class="pagehead-canvas">
				<div class="pagehead-content has-bg-color bg-color-blue">
					<div class="pagehead-content-inner">
						<div class="pagehead-icon icon-color-white" data-aos="fade-up" data-aos-delay="0" style="mask-image: url(https://www.prologistik.com/wp-content/uploads/icon-social.svg); -webkit-mask-image: url(https://www.prologistik.com/wp-content/uploads/icon-social.svg);"></div>						<span class="pagehead-subheadline"  data-aos="fade-up" data-aos-delay="50">proLogistik</span>						<h1 class="pagehead-headline" data-aos="fade-up" data-aos-delay="100">L&#8217;équipe</h1>											</div>
				</div>
			</div>
			
				<div class="pagehead-background">
				<!-- image_id: 34000 | alt:  -->									<img decoding="async" class="test" src="https://www.prologistik.com/wp-content/uploads/prologistik-header-team.jpg" alt="" />
				
				</div>
			</div>
        
                    
            <!-- end:pagehead -->
        
            

<section class="gb-container gb-container-aeedf862">
<div class="gb-container gb-container-2a8b9773">
<div class="gb-grid-wrapper gb-grid-wrapper-696a307f">
<div class="gb-grid-column gb-grid-column-844f5e6f"><div class="gb-container gb-container-844f5e6f">

<div class="wp-block-pixel-headline headlines is-subheadline-top has-text-align-left"><h2 class="headline" style="color:">Une équipe forte pour votre solution intralogistique</h2></div>

</div></div>

<div class="gb-grid-column gb-grid-column-3fd29a4e"><div class="gb-container gb-container-3fd29a4e">
<div class="gb-grid-wrapper gb-grid-wrapper-2efcf857">
<div class="gb-grid-column gb-grid-column-47e3ea35"><div class="gb-container gb-container-47e3ea35">

<p>Pour résoudre les défis de nos clients, le savoir-faire de nos collaborateurs est la clé de notre succès. En tant qu&#8217;équipe engagée, nous consacrons nos forces à un objectif commun : enthousiasmer les gens et trouver des solutions qui répondent aux souhaits individuels des clients.</p>



<p>Notre siège social se trouve à Dortmund, la ville du football, au cœur de la Rhénanie-du-Nord-Westphalie. Ceux qui connaissent la région de la Ruhr avec toutes ses autoroutes, voies navigables, aéroports et transports de marchandises devraient comprendre que nos collaborateurs ont la logistique dans le sang. La logistique mise en place sur une surface réduite est toujours étonnante.</p>

</div></div>

<div class="gb-grid-column gb-grid-column-92a2daf2"><div class="gb-container gb-container-92a2daf2">

<p>Qui sont les têtes pensantes de l&#8217;équipe proLogistik ? Nos 34 apprentis font souffler un vent de fraîcheur et aident près de 500 joueurs d&#8217;équipe expérimentés à développer chaque jour de nouvelles idées pour leur travail. Chez proLogistik, nous misons aussi bien sur des informaticiens que sur des ingénieurs, des diplômés en gestion d&#8217;entreprise, des informaticiens spécialisés ou des électroniciens de systèmes informatiques. Nos deux directeurs, Jörg Sänger et Thulackshan Mohan, dirigent ensemble l&#8217;équipe proLogistik vers le succès. Nous accordons une grande importance à la cohésion de l&#8217;équipe. C&#8217;est pourquoi nous organisons de nombreuses activités communes, comme des courses d&#8217;entreprise, du football et de l&#8217;escalade, auxquelles nos collaborateurs et même les directeurs participent avec enthousiasme.</p>

</div></div>
</div>
</div></div>
</div>
</div>
</section>

<section class="gb-container gb-container-2e455195">
<div data-aos="fade-left" class="gb-container gb-container-ec142527">
<div class="gb-grid-wrapper gb-grid-wrapper-2694268a">
<div class="gb-grid-column gb-grid-column-57a776ef"><div class="gb-container gb-container-57a776ef">

<div id="quotebox-block_bc0629fcc8e218ab269849725bc9b51c" class="quotebox image-right big-image align-center">
    <div class="quotebox-inner">
                <div class="quotebox-image-wrap">
                            <div class="quotebox-image" style="background: url('https://www.prologistik.com/wp-content/uploads/zitat-saenger-e1718384899256.jpg'); background-repeat: no-repeat; background-size: cover; background-position: center;"></div>
                    </div>
        
        <div class="quotebox-content align-center ">
                        <div class="quotebox-quote big-font">
                &#8220;Enthousiasmer les gens et développer des solutions qui répondent aux besoins des clients &#8211; c&#8217;est l&#8217;objectif auquel nous nous consacrons chaque jour&#8221;.            </div>
                                    <div class="quotebox-source-content">
                                <span class="quotebox-source color-blue">Jörg Sänger</span>
                <span class="quotebox-addition ">Directeur de proLogistik Group</span>
                                            </div>
                    </div>
    </div>
</div>


</div></div>
</div>
</div>
</section>

<!-- This site is optimized with the Yoast SEO Premium plugin v26.9 (Yoast SEO v27.5) - https://yoast.com/product/yoast-seo-premium-wordpress/ -->
<title>L&#039;équipe - proLogistik Group</title>
<meta name="description" content="Une équipe forte pour votre solution intralogistique ✔️" />
<meta name="robots" content="index, follow, max-snippet:-1, max-image-preview:large, max-video-preview:-1" />
<link rel="canonical" href="https://www.prologistik.com/fr/a-propos-de-nous/equipe/" />
<meta property="og:locale" content="fr_FR" />
<meta property="og:type" content="article" />
<meta property="og:title" content="Équipe" />
<meta property="og:description" content="Une équipe forte pour votre solution intralogistique ✔️" />
<meta property="og:url" content="https://www.prologistik.com/fr/a-propos-de-nous/equipe/" />
<meta property="og:site_name" content="proLogistik Group" />
<meta property="article:modified_time" content="2025-06-26T10:37:52+00:00" />
<meta name="twitter:card" content="summary_large_image" />
<meta name="twitter:label1" content="Durée de lecture estimée" />
	<meta name="twitter:data1" content="1 minute" />
<script type="application/ld+json" class="yoast-schema-graph">{"@context":"https:\/\/schema.org","@graph":[{"@type":"WebPage","@id":"https:\/\/www.prologistik.com\/fr\/a-propos-de-nous\/equipe\/","url":"https:\/\/www.prologistik.com\/fr\/a-propos-de-nous\/equipe\/","name":"L'équipe - proLogistik Group","isPartOf":{"@id":"https:\/\/www.prologistik.com\/fr\/#website"},"datePublished":"2023-03-13T09:06:06+00:00","dateModified":"2025-06-26T10:37:52+00:00","description":"Une équipe forte pour votre solution intralogistique ✔️","breadcrumb":{"@id":"https:\/\/www.prologistik.com\/fr\/a-propos-de-nous\/equipe\/#breadcrumb"},"inLanguage":"fr-FR","potentialAction":[{"@type":"ReadAction","target":["https:\/\/www.prologistik.com\/fr\/a-propos-de-nous\/equipe\/"]}]},{"@type":"BreadcrumbList","@id":"https:\/\/www.prologistik.com\/fr\/a-propos-de-nous\/equipe\/#breadcrumb","itemListElement":[{"@type":"ListItem","position":1,"name":"Startseite","item":"https:\/\/www.prologistik.com\/fr\/"},{"@type":"ListItem","position":2,"name":"À propos de nous","item":"https:\/\/www.prologistik.com\/fr\/a-propos-de-nous\/"},{"@type":"ListItem","position":3,"name":"Équipe"}]},{"@type":"WebSite","@id":"https:\/\/www.prologistik.com\/fr\/#website","url":"https:\/\/www.prologistik.com\/fr\/","name":"proLogistik Group","description":"Software und Hardware für die Intralogistik","publisher":{"@id":"https:\/\/www.prologistik.com\/fr\/#organization"},"potentialAction":[{"@type":"SearchAction","target":{"@type":"EntryPoint","urlTemplate":"https:\/\/www.prologistik.com\/fr\/?s={search_term_string}"},"query-input":{"@type":"PropertyValueSpecification","valueRequired":true,"valueName":"search_term_string"}}],"inLanguage":"fr-FR"},{"@type":"Organization","@id":"https:\/\/www.prologistik.com\/fr\/#organization","name":"proLogistik Group","url":"https:\/\/www.prologistik.com\/fr\/","logo":{"@type":"ImageObject","inLanguage":"fr-FR","@id":"https:\/\/www.prologistik.com\/fr\/#\/schema\/logo\/image\/","url":"https:\/\/www.prologistik.com\/wp-content\/uploads\/prologistik-logo-web.svg","contentUrl":"https:\/\/www.prologistik.com\/wp-content\/uploads\/prologistik-logo-web.svg","width":320,"height":59,"caption":"proLogistik Group"},"image":{"@id":"https:\/\/www.prologistik.com\/fr\/#\/schema\/logo\/image\/"}}]}</script>
<!-- / Yoast SEO Premium plugin. -->

L'équipe - proLogistik Group

Une équipe forte pour votre solution intralogistique ✔️

À propos de nous

Software und Hardware für die Intralogistik
